(0)?
101
Let k(v) = -1279*v**2 - 6451*v - 281. Give k(-5).
-1
Let w(y) = -5*y**3 - 40*y**2 - 434*y - 392. Calculate w(-1).
7
Let n(c) = -c**3 + 7*c**2 - 116*c + 1359. Determine n(14).
-1637
Let r(x) = 2*x**3 - 521*x**2 - 5693*x + 707. Determine r(271).
165
Let f(a) = 3*a**3 - 127*a**2 + 379*a - 57. Calculate f(39).
-486
Let i(y) = -y**2 + 171*y - 2031. What is i(79)?
5237
Let w(h) = -165248*h - 495742. Determine w(-3).
2
Let v(n) = -n**2 - 3225*n - 757263. Determine v(-255).
87
Let x(c) = -9*c**3 - 210*c**2 + 429*c + 55. Give x(2).
1
Let m(p) = p**2 + 158*p - 18. Calculate m(9).
1485
Let q(b) = -55*b**2 + 2037*b - 141. Calculate q(37).
-67
Let u(i) = -114*i - 17851. Calculate u(-156).
-67
Let l(s) = -s**2 - 377*s + 20877. Give l(49).
3
Let f(p) = -15*p**2 - 821*p + 4496. Determine f(5).
16
Let i(f) = -f**3 - 123*f**2 + 42*f - 10127. What is i(-124)?
41
Let n(i) = -2*i**3 + 13*i**2 + 479*i + 1288. Give n(-3).
22
Let q(v) = 55*v**2 - 621*v + 1138. Calculate q(9).
4
Let t(s) = 131*s + 25432. Determine t(-195).
-113
Let p(n) = -398612*n + 2790286. Determine p(7).
2
Let g(p) = -139*p - 476. Calculate g(7).
-1449
Let d(l) = -l**2 - 48129*l + 3470467. Calculate d(72).
-5
Let q(x) = 4*x**3 - 58*x**2 + 140*x + 53. Determine q(13).
859
Let w(q) = q**3 + 39*q**2 + 23*q - 3092. Calculate w(-36).
-32
Let m(n) = 17*n**2 + 15687*n + 78400. Calculate m(-5).
390
Let z(r) = 6*r**2 + 2285*r + 148130. Determine z(-298).
24
Let o(b) = -92*b**2 + 188*b - 3. Give o(-3).
-1395
Let w(c) = -2*c**3 + 93*c**2 + 390*c + 47. Give w(-4).
103
Let u(p) = -6888*p - 908885. Determine u(-132).
331
Let l(t) = 24589*t - 4229308. What is l(172)?
0
Let r(g) = -172*g**3 + g**2 - 44*g - 28. Give r(0).
-28
Let j(v) = -3*v**3 + 13*v**2 - 127*v + 343. What is j(3)?
-2
Let b(i) = -2*i**3 + 841*i**2 - 437*i + 6401. Give b(420).
-739
Let n(u) = 2*u**2 - 16544*u - 281815. What is n(-17)?
11
Let f(c) = 30099*c - 90258. Determine f(3).
39
Let v(a) = -812*a - 19838. Calculate v(-27).
2086
Let v(k) = 44*k**3 - 2420*k**2 - 8*k - 175. Calculate v(55).
-615
Let f(c) = 154*c**2 - 102*c - 38. Give f(1).
14
Let z(t) = -3093*t - 343312. Determine z(-111).
11
Let y(c) = 8272*c + 545909. Give y(-66).
-43
Let d(h) = -52629*h - 1420973. Determine d(-27).
10
Let b(a) = -226*a + 257. Determine b(-4).
1161
Let r(t) = t**3 + 98*t**2 + 1982*t + 230. Calculate r(-69).
1541
Let c(r) = 2*r**2 - 978*r - 87168. Give c(-77).
-4
Let i(c) = 15*c**3 + 1994*c**2 - 96*c + 4928. Give i(-133).
7
Let p(w) = -23*w - 610. Calculate p(-39).
287
Let b(o) = -o**2 - 58747*o - 1468092. Calculate b(-25).
-42
Let k(q) = 268226*q - 82. Calculate k(0).
-82
Let g(s) = -4*s**3 - 138*s**2 - 1091*s - 1125. Calculate g(-10).
-15
Let l(k) = -1030*k + 99496. What is l(96)?
616
Let t(g) = -13*g**3 - g**2 - 629*g - 130. What is t(0)?
-130
Let y(l) = 6*l**3 - 29*l**2 - 14*l + 163. Determine y(5).
118
Let p(o) = o**3 + 197*o**2 + 4444*o + 832600. Determine p(-196).
-8
Let n(f) = 5*f**2 + 23946*f - 95796. Calculate n(4).
68
Let f(v) = 59190*v + 59177. What is f(-1)?
-13
Let p(c) = 12*c**3 + 262*c**2 - 56*c - 25. What is p(-22)?
239
Let v(c) = -5*c**3 - 91*c**2 - 338*c - 168. Calculate v(-13).
-168
Let i(k) = 2*k**2 - 226*k - 618. Determine i(116).
78
Let t(b) = -3*b**3 - 25*b**2 + 373*b + 3032. What is t(-8)?
-16
Let x(a) = -42548*a + 4. Give x(0).
4
Let n(k) = -11*k**3 + 2135*k**2 - 470*k + 53542. Give n(194).
-2
Let p(s) = 6*s**2 + 1899*s + 13913. Give p(-309).
8
Let x(g) = -106*g + 675. Determine x(8).
-173
Let p(n) = 80*n**3 - 23*n**2 - 600*n - 575. Determine p(-1).
-78
Let c(g) = 613*g - 89927. Calculate c(145).
-1042
Let u(b) = -b**3 - 57*b**2 - 495*b + 2001. Calculate u(-45).
-24
Let r(u) = 11742*u + 211381. Determine r(-18).
25
Let h(v) = -2*v**3 + 282*v**2 - 134*v - 20867. Give h(140).
-427
Let o(c) = -10*c**2 - 8131*c - 48453. What is o(-6)?
-27
Let c(a) = 3*a**3 - 292*a**2 - 820*a + 1013. Determine c(100).
-987
Let x(q) = 226*q - 2969. Give x(17).
873
Let f(m) = -3*m**2 + 235*m + 2043. Give f(90).
-1107
Let c(g) = 645*g + 7028. Calculate c(-11).
-67
Let v(m) = -11600*m - 92836. What is v(-8)?
-36
Let x(q) = 3*q**3 - 36*q**2 - 854*q - 238. Give x(24).
2
Let b(m) = 50*m - 4836. Determine b(107).
514
Let l(u) = -3*u**2 + 69*u + 10652. Give l(-49).
68
Let n(c) = -153*c + 42514. Give n(277).
133
Let b(o) = o**3 - 30*o**2 + 3397*o + 14127. Calculate b(-4).
-5
Let j(v) = v**2 - 67*v + 1116. Calculate j(35).
-4
Let j(f) = -f**3 + 4*f**2 + 112*f + 476. What is j(-5)?
141
Let u(f) = 25*f**2 - 1733*f + 183. Calculate u(69).
-369
Let z(i) = 18*i**2 - 3674*i + 414. Calculate z(204).
6
Let w(j) = 652*j**2 - 620*j - 27198. Give w(-6).
-6
Let l(y) = -y**3 + 22*y**2 - 14*y - 205. Determine l(22).
-513
Let m(g) = -7*g**3 - 16*g**2 + 69*g + 6. Give m(6).
-1668
Let v(g) = -70198*g - 61. Calculate v(0).
-61
Let d(i) = 13948*i + 1450576. Give d(-104).
-16
Let q(y) = -3*y**2 + 1425*y + 186825. Determine q(582).
3
Let h(t) = -10*t**3 + 558*t**2 + 64297*t + 55. What is h(-57)?
-2
Let p(g) = -106*g**3 - g**2 + 572*g - 570. What is p(1)?
-105
Let v(n) = 54*n**2 + 614*n + 3561. Calculate v(-6).
1821
Let b(l) = -7815*l - 695548. What is b(-89)?
-13
Let z(t) = -t**3 - 397*t**2 + 11445*t - 1321. Give z(-424).
-49
Let z(i) = 679*i**2 - 36670*i + 219. What is z(54)?
3
Let y(l) = 3*l**3 - 13*l**2 - 155*l + 493. What is y(3)?
-8
Let i(d) = -6*d**2 - 5581*d + 11167. Give i(2).
-19
Let k(m) = -m**2 + 62*m - 1206. What is k(31)?
-245
Let w(c) = 6*c**2 + 951*c + 33530. What is w(-106)?
140
Let d(p) = p**3 + 15*p**2 + 726*p + 8190. What is d(-12)?
-90
Let g(r) = -3*r**3 + 54*r**2 - 85*r + 1061. Calculate g(17).
483
Let m(l) = 15*l - 2211. Calculate m(73).
-1116
Let w(c) = -2*c**2 - 3358*c - 13408. Determine w(-4).
-8
Let q(h) = -h**2 - 97*h + 13645. Calculate q(78).
-5
Let g(p) = -p**2 - 63584*p + 890352. What is g(14)?
-20
Let m(b) = -b**2 - 3092*b + 92727. What is m(30)?
-933
Let p(z) = -11*z**2 - 3693*z + 18466. Determine p(5).
-274
Let k(n) = 164*n + 14592. Give k(-89).
-4
Let q(t) = -8*t**2 - 810*t + 88298. Calculate q(66).
-10
Let k(v) = v**3 - 8*v**2 - 500*v - 315. What is k(-18)?
261
Let m(a) = -656795*a + 7224747. Calculate m(11).
2
Let d(b) = -775*b - 3791. What is d(-5)?
84
Let f(w) = 3553*w - 17554. Determine f(5).
211
Let d(w) = -w**3 + 41*w**2 + 346*w - 198. What is d(48)?
282
Let f(w) = w**3 - 39*w**2 - 364*w + 14021. Determine f(39).
-175
Let t(d) = 37*d**3 - 236*d**2 + 74*d + 12. Determine t(6).
-48
Let l(z) = -z - 1500. Determine l(65).
-1565
Let z(k) = -k**3 + 9*k**2 + 39*k - 685. What is z(10)?
-395
Let j(q) = -2*q**2 + 400*q - 14644. Determine j(50).
356
Let l(y) = -3*y**3 + 57*y**2 - 85*y - 150. Give l(17).
139
Let h(m) = 4*m**2 - 1154*m + 68538. Determine h(205).
68
Let m(p) = -1505*p + 10662. Give m(7).
127
Let c(h) = -2*h**3 - 51*h**2 - 66*h - 2367. Give c(-26).
25
Let k(i) = i**2 + 464*i - 40421. Give k(74).
-609
Let g(l) = -l**2 - 380*l + 26420. Calculate g(60).
20
Let g(h) = -28264*h - 650076. Give g(-23).
-4
Let o(t) = -6*t**2 - 1243*t + 3. What is o(0)?
3
Let t(f) = -366*f**3 - 32941*f**2 - 97*f - 609. Give t(-90).
21
Let r(m) = 529*m + 26563. Give r(-43).
3816
Let u(h) = 33*h**3 + 401*h**2 + 44*h - 57. What is u(-12)?
135
Let o(q) = 12*q**3 + 35*q**2 - 221*q - 661. What is o(-3)?
-7
Let r(w) = -12669*w - 12600. What is r(-1)?
69
Let f(b) = -31*b - 2916. Give f(-71).
-715
Let k(u) = u**2 - 7*u - 2069. Determine k(-43).
81
Let l(k) = 356422*k - 5702748. Give l(16).
4
Let h(y) = -y**3 + 30*y**2 + 1218*y + 64. Calculate h(53).
11
Let s(r) = -16*r**3 + 180*r**2 + 45*r - 953. Give s(11).
26
Let m(y) = -295*y**3 + 2*y**2 - 37*y + 39. What is m(1)?
-291
Let r(i) = -73*i + 65. Calculate r(-15).
1160
Let q(j) = -1451*j - 236560. What is q(-163)?
-47
Let i(l) = 3*l**2 - 580*l - 6242. Determine i(-11).
501
Let a(s) = -2*s**3 - 74*s**2 - 1032*s + 61. Give a(-21).
7621
Let a(h) = 9*h**2 - 846*h + 15495. What is a(25)?
-30
Let z(l) = -9*l - 3241. Give z(-368).
71
Let y(j) = 38*j**2 + 43*j - 105. Calculate y(-2).
-39
Let r(n) = n**3 + 57*n**2 + 56*n + 619. Determine r(-56).
619
Let z(x) = 4473*x - 25539. Give z(6).
1299
Let f(a) = -490*a - 6876. Calculate f(-14).
-16
Let r(y) = -19332*y - 1933223. Determine r(-100).
-23
Let c(d) = -1677*d - 1272868. What i